112142 (base 5) to base 15.
a6d2
What is -234403 (base 5) in base 12?
-5074
Convert 2055 (base 8) to base 7.
3055
What is -32ea (base 16) in base 4?
-3023222
21a4 (base 13) to base 15
15d2
What is -180 (base 10) in base 8?
-264
What is -210b0 (base 12) in base 6?
-532340
2230013 (base 4) to base 16
2b07
-12211011 (base 3) to base 6
-31351
Convert -e47 (base 15) to base 6.
-22521
What is 1620 (base 7) in base 4?
22023
What is -10221222 (base 3) in base 9?
-3858
393 (base 10) to base 7
1101
Convert -2c4d (base 14) to base 11.
-5a40
What is -313 (base 5) in base 8?
-123
Convert -3114 (base 5) to base 2.
-110011001
Convert 56db (base 16) to base 5.
1202420
-12101 (base 5) to base 7
-2425
Convert -5092 (base 14) to base 13.
-63c3
What is 1011000010111 (base 2) in base 3?
21202110
Convert -614 (base 8) to base 15.
-1b6
What is -12022101 (base 3) in base 14?
-15a7
-1422 (base 6) to base 14
-1ca
-102210 (base 3) to base 16
-13e
What is 113c (base 13) in base 7?
10022
-21d3 (base 14) to base 8
-13355
-13141 (base 5) to base 10
-1046
What is bc (base 15) in base 11?
151
-102423 (base 6) to base 3
-102110220
Convert 30c9 (base 16) to base 11.
9424
Convert -15b1 (base 12) to base 13.
-1237
-103414 (base 7) to base 9
-26667
-320 (base 15) to base 12
-4a9
-110000111101100 (base 2) to base 4
-12013230
Convert 4356 (base 7) to base 3.
2010210
What is 117b (base 15) in base 11?
2879
1304 (base 10) to base 6
10012
-507 (base 12) to base 5
-10402
What is -1010101011001 (base 2) in base 16?
-1559
What is -10200102 (base 3) in base 6?
-20232
What is 7999 (base 11) in base 13?
4a2a
What is -1121000 (base 3) in base 16?
-489
-12430 (base 5) to base 13
-5b2
Convert 63034 (base 7) to base 13.
7063
Convert -130110 (base 4) to base 10.
-1812
Convert -345 (base 8) to base 10.
-229
-aaa (base 15) to base 3
-10022021
Convert -13082 (base 9) to base 12.
-5132
Convert 2215 (base 8) to base 4.
102031
Convert 5402 (base 7) to base 11.
148a
What is 323 (base 10) in base 5?
2243
What is -1013231 (base 4) in base 7?
-16244
What is 49d6 (base 16) in base 12?
ab32
Convert 26018 (base 10) to base 15.
7a98
-11033211 (base 4) to base 13
-9a11
-651 (base 8) to base 6
-1545
What is -8da2 (base 14) in base 13?
-b2a7
What is 12a (base 14) in base 2?
11101010
Convert 361 (base 12) to base 5.
4010
Convert -42052 (base 6) to base 7.
-22316
Convert -4320 (base 10) to base 5.
-114240
-40 (base 6) to base 16
-18
-1680 (base 11) to base 3
-2221110
What is 1203002 (base 4) in base 16?
18c2
Convert 26225 (base 7) to base 14.
2785
What is -4a75 (base 12) in base 7?
-33416
426 (base 10) to base 7
1146
Convert 4002112 (base 5) to base 7.
351016
-1001 (base 2) to base 4
-21
b4a0 (base 13) to base 8
60615
Convert -65225 (base 7) to base 3.
-211021102
What is -149 (base 11) in base 5?
-1144
Convert -11166 (base 9) to base 6.
-54223
Convert 1574 (base 8) to base 14.
47a
-14030 (base 5) to base 11
-947
What is 2500 (base 6) in base 12?
430
Convert -23122 (base 4) to base 6.
-3214
Convert 1555 (base 10) to base 9.
2117
-a32 (base 11) to base 5
-14440
1001011111100 (base 2) to base 15
1690
59a2 (base 12) to base 14
3946
What is 470 (base 9) in base 11?
322
Convert -1030 (base 7) to base 9.
-444
What is -16cb9 (base 13) in base 12?
-21503
Convert -6a36 (base 11) to base 4.
-2100103
161b0 (base 12) to base 11
21638
4531 (base 6) to base 14
55d
What is 11240 (base 5) in base 16?
334
Convert -3130 (base 6) to base 16.
-2be
1740 (base 8) to base 2
1111100000
984 (base 12) to base 16
574
What is -215 (base 11) in base 4?
-10002
8a0 (base 12) to base 3
1202010
What is -107 (base 8) in base 13?
-56
Convert -d7a (base 14) to base 10.
-2656
Convert -5b9 (base 16) to base 15.
-67a
Convert -11030 (base 4) to base 10.
-332
Convert -2514 (base 6) to base 9.
-761
What is -200002101 (base 3) in base 9?
-20071
What is -228 (base 16) in base 4?
-20220
What is 28643 (base 9) in base 2?
100110000010111
-9757 (base 10) to base 13
-4597
Convert 1419 (base 10) to base 8.
2613
Convert 1202211021 (base 3) to base 11.
24215
10312 (base 4) to base 15
15a
What is -23033 (base 4) in base 13?
-434
11210 (base 5) to base 14
417
What is 44d (base 14) in base 12?
5b1
Convert 7a4 (base 16) to base 10.
1956
Convert -1c8a (base 16) to base 9.
-11017
1775 (base 8) to base 9
1354
455251 (base 7) to base 3
11010020001
372 (base 11) to base 14
238
Convert -116b (base 13) to base 11.
-1932
What is 126 (base 11) in base 16?
95
Convert -315 (base 15) to base 14.
-379
What is 829 (base 11) in base 5?
12444
Convert -13428 (base 9) to base 11.
-6921
Convert -583 (base 13) to base 3.
-1022021
Convert 56431 (base 7) to base 11.
a803
-11433 (base 5) to base 7
-2350
Convert -71 (base 16) to base 11.
-a3
-21b5 (base 12) to base 8
-7231
What is -b (base 13) in base 11?
-10
1353 (base 9) to base 16
3fc
What is 1ec0 (base 16) in base 7?
31644
Convert -12133 (base 8) to base 6.
-40043
29809 (base 11) to base 2
1010010011111110
Convert -3616 (base 10) to base 6.
-24424
Convert 197 (base 10) to base 9.
238
-5301 (base 7) to base 14
-971
What is 10672 (base 9) in base 15?
2192
What is 1201 (base 4) in base 10?
97
Convert -b6c (base 16) to base 11.
-2219
Convert -11001 (base 6) to base 15.
-6ad
Convert 1849 (base 13) to base 9.
4851
2000012 (base 3) to base 12
a1b
6789 (base 15) to base 4
11113002
What is -3033 (base 7) in base 8?
-2035
What is -1752 (base 8) in base 10?
-1002
Convert 151020 (base 6) to base 12.
8470
Convert -2042 (base 8) to base 7.
-3041
What is -a1a (base 13) in base 8?
-3261
Convert -18 (base 12) to base 3.
-202
Convert -1011100110 (base 2) to base 9.
-1014
355 (base 8) to base 6
1033
What is -11003203 (base 4) in base 7?
-114241
Convert 1202002 (base 3) to base 12.
89b
Convert 1022000201 (base 3) to base 7.
134305
Convert -3275 (base 9) to base 3.
-10022112
130 (base 16) to base 15
154
What is -3e1 (base 16) in base 6?
-4333
-1b7c (base 15) to base 12
-3553
-67275 (base 10) to base 15
-14e00
What is 16ab (base 12) in base 3?
10201212
What is 100000 (base 2) in base 11?
2a
Convert 202112 (base 3) to base 6.
2322
-514 (base 15) to base 12
-7b4
What is 21212 (base 3) in base 11?
183
Convert 23243 (base 10) to base 2.
101101011001011
Convert 466 (base 15) to base 11.
826
1077 (base 16) to base 7
15201
Convert -1a6a4 (base 12) to base 6.
-500324
-7726 (base 16) to base 6
-353114
-10000010011 (base 3) to base 15
-127c4
Convert 1011 (base 8) to base 11.
434
-10111110101 (base 2) to base 14
-7ad
Convert 200021 (base 3) to base 8.
755
13c (base 13) to base 2
11011100
What is -134322 (base 5) in base 14?
-2071
-3e86 (base 16) to base 7
-64444
1122 (base 5) to base 4
2202
What is 10100 (base 5) in base 10?
650
46115 (base 9) to base 15
9178
-712 (base 10) to base 4
-23020
212101 (base 3) to base 7
1561
1251 (base 6) to base 3
102211
What is 14631 (base 10) in base 5?
432011
-22000 (base 5) to base 16
-5dc
What is 23440 (base 9) in base 13?
7194
Convert 233410 (base 5) to base 4.
2012131
Convert -1040123 (base 5) to base 2.
-100011011110011
Convert 101001001 (base 2) to base 10.
329
131541 (base 6) to base 5
341320
-12454 (base 8) to base 4
-1110230
13140 (base 5) to base 2
10000010101
317 (base 11) to base 9
463
Convert 115154 (base 6) to base 13.
4864
-54113 (base 7) to base 14
-4c7a
Convert 201102222 (base 3) to base 5.
423144
What is -3358 (base 10) in base 16?
-d1e
7374 (base 11) to base 9
14345
11001101011001 (base 2) to base 9
20025
Convert 81033 (base 9) to base 7.
311145
Convert 43300 (base 6) to base 5.
142230
Convert 11000100110110 (base 2) to base 8.
30466
2000010 (base 3) to base 15
676
What is -452 (base 16) in base 2?
-10001010010
What is 290e (base 16) in base 11?
7995
Convert 120114 (base 8) to base 3.
2002021212
What is -15808 (base 14) in base 13?
-1b5a9
Convert -245552 (base 6) to base 14.
-8056
What is 111111001111 (base 2) in base 14?
1691
What is 20564 (base 9) in base 16?
3511
What is -11555 (base 6) in base 4?
-122333
What is d208 (base 14) in base 2?
1000110011101000
-1959 (base 10) to base 2
-11110100111
100001110001 (base 2) to base 14
b05
What is -2420 (base 5) in base 13?
-219
Convert 123141 (base 5) to base 10.
4796
What is 100010010110011 (base 2) in base 10?
17587
-222212001 (base 3) to base 6
-230344
What is 2986 (ba